e m(-7). Let r be (2/8)/((b/(-24))/(-11)). Let s(t) = 12*t**3 - t. Calculate s(r).
-11
Let k be (-5 - (-2 + 3))*-1. Let c(m) = -m**3 + 4*m**2 + 0*m**3 - 12*m**2 + 6 - k*m + 15*m**2. What is c(6)?
6
Suppose -174 = 10*j + 6. Let h(d) = -d - 19. Give h(j).
-1
Let a be (-7)/(-28)*8 - -12. Let y(k) = 2*k - 18. Calculate y(a).
10
Let o(w) = 5*w - 5*w - w**3 - 7 + 7*w**2. Let m be (63/27)/(1/3). Determine o(m).
-7
Let d(b) be the second derivative of 0 + b + 1/2*b**2 + 1/3*b**3. Let q(w) = w**2 - 13*w - 18. Let v be q(14). Give d(v).
-7
Let y(q) be the second derivative of q**3/6 + 13*q**2/2 + 78*q. What is y(-10)?
3
Let w(c) = -7 + 2 + 3 - 3*c + 0 - c**2. What is w(-5)?
-12
Let h(o) = 2*o - 2. Let q(n) = -n**2 + 41*n + 181. Let x be q(-4). Give h(x).
0
Suppose 0 = -2*l - 3*l + 25. Let s(m) = 2 + 14*m + 13 - 1. Let o(q) = 5*q + 5. Let n(y) = 17*o(y) - 6*s(y). Give n(l).
6
Let x(m) = m**3 + 5*m**2 - 4*m - 18. Let p(h) = -19*h - 81. Let k be p(-4). Determine x(k).
2
Let g(a) be the third derivative of 0*a + 1/24*a**4 - 8*a**2 + 0 + 0*a**3. Determine g(-5).
-5
Let f(n) = 24*n + 5. Let g(c) = -c - 1. Suppose 6*q - q + 20 = 0. Let x(a) = q*g(a) - f(a). Give x(-1).
19
Let m(f) be the third derivative of 0*f + 0 - 1/24*f**4 + f**3 + 9*f**2. Determine m(4).
2
Let t(r) = r**3 + r**2 - 56*r - 11. Let y be t(-8). Let o(m) = m**3 + 12*m**2 + 12*m + 5. Calculate o(y).
-6
Let h(d) = d**3 - 6*d**2 + 6. Let l be h(6). Let g(q) be the second derivative of -q**5/20 + q**4/3 + 5*q**3/3 - 9*q**2/2 - q + 136. Give g(l).
-21
Let l(x) = 7*x**2 - x - 2. Suppose 5*r = -p - p + 5, 13 = -3*r + 2*p. Determine l(r).
6
Let i(c) = -c**2 + 8*c + 13. Let d(o) = -o**2 - 20*o - 41. Let k be d(-17). Calculate i(k).
-7
Let n(s) be the first derivative of -s**3/3 + 7*s**2/2 + 16*s - 557. Calculate n(-3).
-14
Let p(n) = -2*n - 10. Let k(x) = -5*x - 30. Suppose -1 = y + 3*q - 10, 4*q = 2*y + 22. Let a(l) = y*k(l) + 8*p(l). Determine a(9).
1
Let y(f) = -f**3 - 7*f**2 - 6*f + 7. Let i = -41 + 45. Suppose i*w + 6 = -14. Give y(w).
-13
Let j(o) be the third derivative of o**6/120 - 4*o**5/15 - 19*o**4/24 + 20*o**3/3 + 332*o**2. Determine j(17).
6
Let k = -13 + 13. Let s(i) = -i**3 + k + 5*i + 2*i**2 - 2 - 1. Let n = 4 + -1. Determine s(n).
3
Let b = 443 - 458. Let g(j) = j**3 + 14*j**2 - 15*j + 1. Determine g(b).
1
Let p(l) = -3*l - 6. Let t be -3 + 4*3/12. Let x be ((-18)/5)/(t/30). Suppose x = -k + 49. Give p(k).
9
Let c(s) be the third derivative of 3*s**2 + 0 + 0*s - 1/24*s**4 + 0*s**3. Calculate c(2).
-2
Let g(v) = v**2 + 8*v + 7. Suppose 0 = 5*k - 5, 2*f - f + 4*k - 8 = 0. Suppose 5*s - 89 + f = 0. Suppose -2*t - 2*o + 3*o = s, -5*t + 4*o = 50. Calculate g(t).
-5
Let l = 5 - -2. Let a(o) = 5*o**2 + 21*o + 1. Let s(u) = -3*u**2 - 11*u. Suppose -j = -2*n + 5, -j + 0*n - 8 = n. Let r(v) = j*s(v) - 4*a(v). What is r(l)?
-4
Let t(m) = m**2 + m - 9. Let p be (1/(-3))/((-56)/(-840)). Calculate t(p).
11
Let q(w) = -4*w**2 - 2*w - 1. Suppose 5*b - 66 = 7*b. Let z = b - -31. Determine q(z).
-13
Let k(j) be the second derivative of 0 - 1/12*j**4 - 17*j + 2/3*j**3 + 1/2*j**2. What is k(6)?
-11
Let t(m) = -6*m**3 + 4*m**2 + 3*m - 1. Let b(d) = 13*d**3 - 9*d**2 - 7*d + 2. Let f = 1 - 8. Let c(l) = f*t(l) - 3*b(l). Let z = 4 - 5. Calculate c(z).
-3
Let f be -2 - 0 - (2 + -9). Let v(k) = -10*k**3 + 12*k**2 + 25*k + 6. Let q(u) = -3*u**3 + 4*u**2 + 8*u + 2. Let r(y) = 7*q(y) - 2*v(y). Give r(f).
7
Let t(h) = h**3 + 2*h**2 + 2*h + 2. Suppose 51*z = 52*z + 3. Determine t(z).
-13
Let f be -4*(-2)/(-10)*-5. Suppose -5*d + 12 = -8, 2*d = -4*l + 12. Let x(n) = -1 + 0*n + 5 + 4*n - n**2 + l. Determine x(f).
5
Let m(p) = 3*p**3 - p. Let b be ((-16)/6)/((-2)/(-9)). Let c be -6*(-2 + (-16)/b). Suppose -3 = -c*r + r. Determine m(r).
2
Suppose -3*i - 10 = 8. Let t(y) = -y + 1. Let f(d) = 3*d + 3. Let v(o) = -f(o) - 4*t(o). Give v(i).
-13
Let i(k) = k + 2. Let l(w) = -w**2 + w - 6. Let b(f) = -6*i(f) - l(f). Let s = -1 + 9. Give b(s).
2
Let z(v) = 6*v - 1. Let m = 276 + -279. Calculate z(m).
-19
Suppose -2*b - 16 = -4*t + 18, -2*t + 3*b = -19. Suppose -5*z = -t*z. Let p(g) = g - 3. What is p(z)?
-3
Let t(j) = 0*j - 3 + 6*j + 2. Let u(p) = -p**3 - 12*p**2 + 6. Let x be u(-12). Suppose -5*l - 11 + x = 0. Give t(l).
-7
Let l(y) be the second derivative of -2*y - 1/2*y**3 + 0 - 1/24*y**4 + 5/2*y**2. Let o(w) be the first derivative of l(w). Determine o(-5).
2
Let u = -770 - -774. Let s(t) be the first derivative of 2*t**2 - u*t + 1/4*t**4 - 5/3*t**3 + 9. Calculate s(4).
-4
Let t(z) = 0 + 18*z**2 + 6*z - 10*z**2 - 7*z**2 - 9 - 2*z**2. Suppose 9 = -u - 3*w, u + 3*w + 2*w = -19. Determine t(u).
-9
Let m(g) = -32*g**2 - g + 1. Suppose -804*u + 796*u = -8. Determine m(u).
-32
Let f(t) = -12*t**2 + 3*t - 6*t**2 + 17*t**2 + 0*t + 1. What is f(0)?
1
Let g(c) be the third derivative of c**6/60 - c**5/30 + 5*c**4/24 - 2*c**3/3 + 17*c**2 - 2*c. What is g(2)?
14
Let o(x) = x. Suppose -2*k = 5*w - 2*w - 19, -w = -5. Let b(g) = 5*g - 2. Let r(y) = -6*y + 3. Let t(v) = 5*b(v) + 4*r(v). Let a be t(k). What is o(a)?
4
Let g(z) = z - 3. Let f = 7 - -3. Suppose -2 - 14 = -4*n. Let q be (8/4)/(n/f). Give g(q).
2
Let l(g) = 13*g**3 + 5*g**2 - 9*g + 4. Let m(x) = 3*x**3 + x**2 - 2*x + 1. Let d(o) = 2*l(o) - 9*m(o). Calculate d(-2).
11
Let h(l) = -l + 4. Let o(d) = d**3 - 15*d**2 + 13*d + 19. Let n be o(14). Determine h(n).
-1
Let l(a) = -9066*a**3 - 9 - 4*a**2 - 3*a**2 + 9065*a**3. Calculate l(-7).
-9
Suppose -i = -3*i + 6. Let f(u) = 2*u**2 - 35 + 17 + u - 2*u**2 + u**i. Calculate f(0).
-18
Let y(t) = -t**3 + t**2 + 3*t + 3. Suppose -4*v - 2 + 26 = 0. Suppose -j - 3*p + 22 = -v*j, -5*p + 26 = -3*j. What is y(j)?
9
Let b(s) = -7 + 2 + 4*s**2 - 3*s**2 + 23 + 17*s. Give b(-16).
2
Let m = 23 + -16. Let b(v) be the third derivative of -11*v**2 + 0 + 0*v + 2*v**3 - 1/24*v**4. Give b(m).
5
Let f be (-2)/3 - 14/6. Let x(t) be the first derivative of 1/4*t**4 + 2*t**2 + 4*t + 4/3*t**3 + 10. Determine x(f).
1
Let z(s) = -s**3 - 15*s**2 - 13*s + 15. Let p be ((-2)/7)/((-64)/(-3136)). Give z(p).
1
Suppose -3*n = -3*t + 35 - 98, -79 = -3*n - 5*t. Suppose 35 = -3*z + n. Let o(v) = -v**3 - 5*v**2 - 4*v - 1. Determine o(z).
-1
Let b(z) = -z**2 + 7*z + 13. Let m(t) = 3*t + 59. Let w be m(-17). Calculate b(w).
5
Let q be -5*(11/(-15) - (-2)/6). Let o(t) = 4 - 129*t**3 - 5*t**q - 2 + t + 130*t**3. What is o(2)?
-8
Let q(x) = 6 + 98*x**2 - 33*x**2 - 26*x**2 - 32*x**2 - 43*x. Determine q(6).
0
Suppose 0 = 5*y - 15, 5*b + 8 + 17 = 5*y. Let c(s) = s - 3. What is c(b)?
-5
Let i = 28 + -27. Let q(v) = v. Let w(j) = 6*j. Let t(h) = 42*q(h) - 6*w(h). Give t(i).
6
Let n(j) be the second derivative of j**6/720 - j**5/40 - 3*j**4/4 - 9*j. Let b(y) be the third derivative of n(y). What is b(3)?
0
Suppose -4*z = -579 + 579. Let p(c) = -c. Let v(m) = m**2 - 2*m + 1. Let k(q) = p(q) - v(q). What is k(z)?
-1
Let f(b) = -b**2 - 2*b + 3. Suppose 22*q + 25*q = -329. What is f(q)?
-32
Let q be ((-9)/2)/(12/(-24)). Suppose 0*u - o + 8 = 4*u, -4 = o. Let c(w) = -q*w + 2*w**2 + u - 3*w**2 - 5 + w. What is c(-6)?
10
Let h(k) = 2*k**2 + 16*k + 9. Let x(u) = 9*u**2 + 81*u + 47. Let o(p) = 11*h(p) - 2*x(p). Let q(i) = 2*i**2 + 8*i + 3. Let t(y) = -3*o(y) + 5*q(y). Give t(-4).
-24
Let w(g) = -g**2 - 14*g - 11. Suppose 0*u - 4*u = -2*q - 14, -4*u + 27 = -3*q. Give w(q).
2
Suppose s + 4 = 4*r - 115, r + 2*s - 32 = 0. Suppose 7*o - 2*o - r = 0. Let n(i) = i**3 - 8*i**2 + 8*i + 4. Determine n(o).
-20
Let m be (64 - 61) + (-2)/1. Let w(s) = 3*s**3. Give w(m).
3
Let o(y) = -3*y + 69. Let x(f) = 20*f - 440. Let u(g) = 32*o(g) + 5*x(g). Let t be ((-2)/4)/((-2)/(-24)). Calculate u(t).
-16
Let c be ((-1)/(-2))/(3/(-6)). Let p = c - -3. Let d(l) = -l - 2. Let v(a) = 1. Let z(n) = -d(n) - 4*v(n). Give z(p).
0
Let w(r) = 3*r + 5. Let q be (4/(-3))/(-2 + (-80)/(-36)). What is w(q)?
-13
Let w(x) = x**3 + 4*x**2 + x - 4. Let a be w(-3). Let c(s) be the second derivative of -5*s**3/6 + s**2/2 + 434*s. What is c(a)?
-9
Let c be 35/(-14)*-7*(-14)/245. Let b(u) = -18*u**3 - 5*u**2 - 4*u + 1. Let k(z) = z**3 + z**2 + z. Let o(w) = b(w) + 6*k(w). Calculate o(c).
12
Suppose 2*j + 34 = 7*j - 3*r, 3*j + 5*r = 0. Let q(n) = n**3 - 5*n**2 + 2*n - 1. Give q(j).
9
Let j(z) be the third derivative of -z**4/24 - 